est common factor of 30 and s.
10
Suppose v - 5*v = 5*w + 52, -v - 4 = -w. Let z be ((-12)/v)/((-3)/(-4)). Suppose 0 = -5*j + 3 + z. Calculate the greatest common divisor of j and 10.
1
Let w(g) = g**3 + 64*g**2 + 2*g + 518. Let j be w(0). Calculate the greatest common factor of 140 and j.
14
Suppose 0 = y + 11*a - 13*a - 5971, a + 148932 = 25*y. Calculate the highest common factor of 92 and y.
23
Let p(j) = -2*j + 21. Let k(f) = -f**2 - 18*f + 5. Let a be k(0). Let h be p(a). What is the highest common divisor of h and 209?
11
Let n be 224/(-22) + (-30)/(-165). Let t be (-2 + (1 - 8))/(10/n). Calculate the highest common divisor of 99 and t.
9
Let t be 6/8 - 109/(-8)*10. Let j be 42/105 + t/(-5). Let v = j - -72. Calculate the highest common divisor of 5 and v.
5
Let z be ((-2)/(-8))/(141/102084). Calculate the greatest common factor of 9231 and z.
181
Let t be 0 + 41 + (-6 - -3). Suppose -2*g - 10 = m, -3*g - 5*m + 6 = -7*g. Let q be 4*-1 + (-11 - g) + 68. Calculate the greatest common divisor of t and q.
19
Suppose -9*s + 14*s - 7680 = 0. Suppose 129 = 8*a - 63. What is the greatest common factor of a and s?
24
Suppose 325*h - 324*h + w = -0*w + 17575, 0 = w. Calculate the greatest common divisor of 190 and h.
95
Let c be (2468/(-6))/(30/(-18)*(-1)/(-5)). Calculate the greatest common divisor of c and 2.
2
Let c(r) = 6*r + 158. Let n be c(-19). Calculate the greatest common divisor of n and 451.
11
Suppose c = -4*f + 8396, 0 = -3*f + 4*c - 803 + 7119. Suppose -128*m = -138*m + f. Calculate the highest common factor of m and 30.
30
Let v be (18 + -15)*((-874)/207)/((-2)/105). Suppose 0 = 4*r - 2*r - 70. Calculate the highest common factor of r and v.
35
Let p = 963 + -950. Let q be (((-14196)/p)/6)/(0 - 1). Calculate the highest common divisor of 126 and q.
14
Let x be (189/(-18))/(38/(-60) + (-44)/(-330)). Calculate the highest common factor of x and 329.
7
Let r be (518/8)/(((-64)/224)/((-16)/14)). What is the greatest common divisor of 629 and r?
37
Let m be (-53)/(-3) + (-16)/(-336)*-14. Calculate the highest common divisor of m and 3077.
17
Suppose 248 + 488 = 32*v. What is the greatest common divisor of v and 2507?
23
Let h be (-14)/((-168)/180) - -135. Calculate the greatest common factor of h and 18750.
150
Let t = -40 + 23. Let x(h) = h**3 - 8*h**2 + 2*h + 5. Let k be x(8). Let q = k + t. Calculate the highest common factor of q and 16.
4
Let d be -3*(-1 + (-8)/6). Let u be ((-126)/15)/(10/(-350)). Suppose -y + u = 5*y. What is the greatest common factor of y and d?
7
Suppose 2*a + 118 = -107*i + 109*i, 2*a = -5*i + 337. Calculate the highest common divisor of 225 and i.
5
Let m(l) = l**3 + 12*l**2 + 9*l + 8. Let s be m(-11). Suppose -14*x = -9*x + s. Let o = 14 - x. Calculate the highest common factor of o and 60.
20
Let k(l) = l**3 + 57*l**2 - 57*l + 208. Let m be k(-58). What is the greatest common factor of m and 270?
30
Suppose -39*t = -4*t - 37905. Calculate the highest common factor of 228 and t.
57
Let u be (4/3)/(5/15). Suppose 5*x - 49 = u*p, 2*x = 3*x - 3*p - 12. Let k be (-33)/2*(1 + -7). What is the greatest common factor of x and k?
9
Let w be (-184)/(-18) - (-5)/(45/(-2)). Let h = 31 + -31. Suppose s + 3*s - 40 = h. Calculate the greatest common divisor of s and w.
10
Let s = -38763 - -38780. Let a = -11 + 20. Let o be 8250/54 - (-2)/a. What is the greatest common divisor of o and s?
17
Let f = -180 - -183. Suppose 2*j - 2*r = -31 + 143, -r - 176 = -f*j. What is the greatest common divisor of 40 and j?
20
Let q(v) = -14*v - 14. Let h = 30 - 35. Let x be q(h). Let y be ((-8)/(-10))/((-1)/(-10) + 0). Calculate the highest common divisor of x and y.
8
Suppose -3*l - 9 - 7 = -f, -2*f + 24 = -2*l. Let x be 2508/55 + (-6)/f. Calculate the greatest common factor of x and 72.
9
Let g be (-5 - 153/(-21)) + (-6)/21 + 2055. Calculate the highest common divisor of g and 17.
17
Suppose 2*x + 3*d = 14548, -42*x - 14552 = -44*x - 2*d. What is the greatest common factor of 60 and x?
20
Let l = 600 + 576. Let n be 4/((-16)/l*-6). What is the greatest common factor of 35 and n?
7
Suppose 46 = 12*a - 26. Suppose -16*n = -a*n - 2400. What is the greatest common factor of 15 and n?
15
Suppose 52*l - 74*l - 16506 = -40*l. Calculate the greatest common factor of 262 and l.
131
Suppose 28594 = 38*n - 124850. Calculate the highest common factor of n and 18.
6
Suppose 6506 = 3*u + 5*q, 12*u - 11*u + 2*q - 2170 = 0. Calculate the highest common divisor of 138 and u.
46
Suppose 0 = 82*r - 97*r + 17400. Suppose 3590 = 45*k + r. What is the greatest common factor of k and 216?
54
Let t = -168 - -173. Let y be (1 + 2)*(20 + t). Calculate the highest common divisor of y and 50.
25
Let q be (-1)/(48/(-18)) + -434*(-35)/112. What is the greatest common divisor of 824 and q?
8
Suppose 56*d - 55*d - 75 = 0. Let g be (-24)/5*d/(-10)*1. What is the greatest common divisor of 12 and g?
12
Let y = -17 - -27. Let x be ((-24)/y)/((-8)/20). Let d(o) = -o**3 + 8*o**2 + 3. Let a be d(x). Calculate the highest common divisor of 50 and a.
25
Suppose -3*a + 0*a = -546. Let r = -180589 + 180659. Calculate the highest common divisor of a and r.
14
Let p(l) = 1930*l**2 - 22*l + 52. Let o be p(2). What is the highest common factor of o and 21?
21
Let u = 8739 + -8715. Calculate the greatest common factor of 4008 and u.
24
Suppose -2*p + 5*k + 17 = -41, -5*p + 5*k = -160. Suppose -1632 = x - 7*x. What is the highest common divisor of x and p?
34
Let l = -6688 + 6786. What is the greatest common divisor of 476 and l?
14
Suppose -40*d - 5*c = -42*d + 676, -c = 4*d - 1352. What is the highest common divisor of 11999 and d?
169
Suppose 11*v + 49 - 764 = 0. Calculate the greatest common divisor of 4615 and v.
65
Let s be (-3 + 2)/((-1)/190*1). What is the greatest common divisor of 90 and s?
10
Let w be 10/15*11010/40*(23 + -3). Calculate the greatest common factor of w and 10.
10
Let z = 505 - 427. Let u be (-2)/(-5) - -37*14/5. What is the highest common divisor of u and z?
26
Suppose 0 = -2*y + 6*y + 4*i - 192, 0 = -4*y - 3*i + 187. Let p be (-2 + 0)*(-2 - (-9)/6). What is the greatest common divisor of y and p?
1
Let n(d) = -d**3 - 33*d**2 + 72*d + 76. Let c be n(-35). Let w be (-15 - -5 - c)/(-1). What is the highest common divisor of w and 176?
16
Suppose -10*m - 5414 = -1234. Let p = m + 607. What is the highest common factor of p and 14?
7
Let y(t) = t**2 - 5*t - 8. Suppose 6*w - 133 = -13*w. Let r be y(w). Let d = 4 + -1. What is the highest common divisor of d and r?
3
Let f(m) = -7*m + 106. Let o be f(14). Calculate the highest common divisor of o and 5288.
8
Let v be (-1 + 0)*(-29 - -17). Let w be (-1 + -20)/((-18)/v). Let y be 4/w + 1122/42. Calculate the greatest common factor of y and 216.
27
Suppose 6*v = -6 - 12. Let q(c) = c**3 + 3*c**2 - 3*c - 2. Let d be q(v). Suppose d*x = 6*x + 16. What is the highest common divisor of x and 4?
4
Let m be ((-4)/(-6))/(14/7308). Calculate the highest common factor of 156 and m.
12
Let d = 227 + -20. Suppose -3*z + 0*a + 21 = -2*a, -a = -3. Calculate the highest common divisor of d and z.
9
Let b = 99851 - 99698. Suppose -121 = -3*l + 32. What is the highest common factor of l and b?
51
Let q = 1913 - -3777. Calculate the greatest common divisor of 20 and q.
10
Let a = -3276 - -3451. Calculate the highest common factor of a and 980.
35
Suppose -45 = -2*v - 5. Let c = -890 - -892. Let y = c - -6. What is the highest common factor of v and y?
4
Suppose 4*b = -44 - 60. Let u be b*(-2 + 3)*1. Let j be (-3 - -4)/(2 - u/(-14)). What is the greatest common factor of j and 1?
1
Suppose 12 = -5*p + 92. Let n = -41 + p. Let v = n + 26. What is the highest common divisor of v and 1?
1
Let f be (171/(-38))/(-1 + (-49)/(-10) + -4). What is the greatest common factor of 10215 and f?
45
Let g be (-20)/(-8)*4/(-5)*-2. Suppose 3*f - g*q = 608 + 24, 4*q - 16 = 0. Let y = 39 - 12. Calculate the greatest common factor of y and f.
27
Let h = 11085 - 5378. Calculate the highest common factor of 13 and h.
13
Suppose -29958 - 177975 = -22*x - 39413. Calculate the greatest common factor of 20 and x.
20
Suppose 0 = -649*m + 586*m + 9828. Suppose 0 = -0*h - 3*h + 72. Calculate the highest common factor of h and m.
12
Let r = 230 - 598. Let t =